
Is 346111 a composite number?
False
Is 6947 prime?
True
Is 24287 composite?
True
Is 5179 a prime number?
True
Is 21541 a composite number?
True
Is 166123 a composite number?
True
Is 236905 a prime number?
False
Is 17705 a composite number?
True
Is 15541 prime?
True
Is 7033 prime?
False
Is 773021 a prime number?
True
Is 2724259 prime?
False
Is 225427 a prime number?
True
Is 2077 a composite number?
True
Is 288491 a prime number?
False
Is 131081 prime?
False
Is 233477 a composite number?
False
Is 3004115 a composite number?
True
Is 10454 a prime number?
False
Is 6119 composite?
True
Is 333569 a prime number?
False
Is 29411 prime?
True
Is 30817 a prime number?
True
Is 40993 composite?
False
Is 2045 a prime number?
False
Is 5591 prime?
True
Is 408659 a composite number?
False
Is 463157 a composite number?
False
Is 243047 prime?
False
Is 38113 a prime number?
True
Is 2531 prime?
True
Is 689021 a prime number?
True
Is 5981 a composite number?
False
Is 315881 composite?
False
Is 43427 prime?
True
Is 21763 a prime number?
False
Is 158621 prime?
True
Is 176335 a composite number?
True
Is 1550753 a prime number?
True
Is 5091 a composite number?
True
Is 74561 a prime number?
True
Is 8311 prime?
True
Is 1471117 prime?
True
Is 38859 a prime number?
False
Is 2431633 prime?
True
Is 192893 a prime number?
False
Is 10183 a composite number?
True
Is 27413 prime?
False
Is 309431 composite?
True
Is 266269 a composite number?
False
Is 25907 prime?
False
Is 20561 a composite number?
True
Is 62431 composite?
True
Is 149 prime?
True
Is 128503 a prime number?
False
Is 129209 composite?
False
Is 453341 prime?
False
Is 41999 prime?
True
Is 21839 a prime number?
True
Is 836333 composite?
True
Is 130927 a prime number?
True
Is 13901 composite?
False
Is 2459 a composite number?
False
Is 153377 a prime number?
False
Is 9722 prime?
False
Is 403001 a prime number?
True
Is 842749 composite?
True
Is 4111 a prime number?
True
Is 5959 a composite number?
True
Is 24441 a composite number?
True
Is 62599 composite?
True
Is 1555 a prime number?
False
Is 74083 a composite number?
True
Is 18583 a composite number?
False
Is 22343 a composite number?
False
Is 515671 prime?
False
Is 1029719 prime?
False
Is 1915 a composite number?
True
Is 1234154 a composite number?
True
Is 1259 prime?
True
Is 27329 composite?
False
Is 1864011 composite?
True
Is 673 a prime number?
True
Is 31303 a composite number?
True
Is 186913 a prime number?
False
Is 5873 composite?
True
Is 23451 a prime number?
False
Is 4547 a prime number?
True
Is 483263 prime?
False
Is 147391 composite?
False
Is 147311 composite?
False
Is 76999 a composite number?
True
Is 15961 a prime number?
False
Is 890927 a prime number?
True
Is 902773 a prime number?
False
Is 7061 a prime number?
False
Is 25249 prime?
False
Is 59693 composite?
False
Is 16597 composite?
True
Is 45367 a prime number?
False
Is 6000967 composite?
True
Is 1783 composite?
False
Is 167083 composite?
True
Is 49971 a prime number?
False
Is 10403 a composite number?
True
Is 616526 prime?
False
Is 424961 prime?
True
Is 7523 prime?
True
Is 228143 prime?
False
Is 9601 a prime number?
True
Is 178937 composite?
True
Is 10315 a composite number?
True
Is 123629 prime?
False
Is 632797 a composite number?
True
Is 162553 a prime number?
True
Is 54889 prime?
False
Is 21891 a composite number?
True
Is 26191 a prime number?
False
Is 14351 prime?
False
Is 276209 composite?
False
Is 654601 prime?
True
Is 28387 composite?
False
Is 927007 composite?
False
Is 80021 a composite number?
False
Is 107567 prime?
False
Is 1973 prime?
True
Is 202669 a prime number?
False
Is 33679 composite?
False
Is 12839 prime?
False
Is 88289 composite?
False
Is 10801 composite?
True
Is 14995 composite?
True
Is 1689 prime?
False
Is 89861 a prime number?
False
Is 452869 prime?
True
Is 70709 composite?
False
Is 2173 prime?
False
Is 934345 composite?
True
Is 71107 a prime number?
False
Is 13613 a prime number?
True
Is 1137445 a composite number?
True
Is 3203 a composite number?
False
Is 5263 a prime number?
False
Is 16291 prime?
False
Is 2705 composite?
True
Is 248233 a prime number?
False
Is 1313 prime?
False
Is 59609 prime?
False
Is 1893347 prime?
True
Is 5267 a prime number?
False
Is 1758641 composite?
False
Is 214723 a composite number?
False
Is 2927 composite?
False
Is 328469 composite?
True
Is 25433 a prime number?
False
Is 9533 composite?
False
Is 1087 composite?
False
Is 144043 a composite number?
True
Is 241985 composite?
True
Is 9197 a composite number?
True
Is 132491 prime?
True
Is 6997 a prime number?
True
Is 10259 a composite number?
False
Is 25294 a composite number?
True
Is 477463 composite?
True
Is 5161 a composite number?
True
Is 6007 a prime number?
True
Is 3353 a prime number?
False
Is 13117 a composite number?
True
Is 80489 a prime number?
True
Is 22249 prime?
False
Is 74215 a composite number?
True
Is 2477071 a prime number?
True
Is 413597 a composite number?
False
Is 17506 a prime number?
False
Is 41523 prime?
False
Is 20737 composite?
True
Is 5027705 a composite number?
True
Is 209431 a prime number?
True
Is 305705 a composite number?
True
Is 9257 composite?
False
Is 309923 prime?
False
Is 2841 a prime number?
False
Is 43753 a composite number?
False
Is 773693 a prime number?
True
Is 899257 a composite number?
True
Is 215279 a prime number?
True
Is 113489 a composite number?
False
Is 5939 a composite number?
False
Is 32989 prime?
False
Is 1104331 a prime number?
True
Is 10891 a composite number?
False
Is 4341 a composite number?
True
Is 290309 a prime number?
False
Is 22929 a prime number?
False
Is 13521 a prime number?
False
Is 74149 prime?
True
Is 113653 composite?
True
Is 6761 composite?
False
Is 8501 a prime number?
True
Is 48437 composite?
False
Is 51049 a prime number?
False
Is 18301 a prime number?
True
Is 478523 a prime number?
True
Is 9489 composite?
True
Is 579923 prime?
False
Is 39821 composite?
False
Is 1145063 prime?
False
Is 103313 a prime number?
False
Is 38953 a composite number?
False
Is 4271 prime?
True
Is 58477 a composite number?
False
Is 14185 a prime number?
False
Is 339509 a prime number?
False
Is 4742 a composite number?
True
Is 1379 a composite number?
True
Is 13147 a prime number?
True
Is 34403 a composite number?
False
Is 115189 composite?
True
Is 949 prime?
False
Is 163243 a prime number?
True
Is 13649 a composite number?
False
Is 144203 a prime number?
True
Is 160581 composite?
True
Is 27031 a composite number?
False
Is 58601 a prime number?
True
Is 5359 composite?
True
Is 43843 a prime number?
False
Is 61437 a composite number?
True
Is 1709 composite?
False
Is 16307 a composite number?
True
Is 14143 prime?
True
Is 439253 a composite number?
False
Is 17326 a composite number?
True
Is 4385 prime?
False
Is 224362 composite?
True
Is 28807 composite?
False
Is 194849 a prime number?
False
Is 111913 composite?
False
Is 3659 composite?
False
Is 7753 a composite number?
False
Is 13669 composite?
False
Is 95561 a prime number?
True
Is 223066 a prime number?
False
Is 79669 composite?
False
Is 28319 prime?
True
Is 12049 prime?
True
Is 1550831 a composite number?
False
Is 4211 a prime number?
True
Is 18053 composite?
True
Is 744563 a prime number?
False
Is 1727 prime?
False
Is 33893 prime?
True
Is 5981 a composite number?
False
Is 145011 a prime number?
False
Is 2159 composite?
True
Is 1016543 a prime number?
False
Is 3881 a prime number?
True
Is 263 a composite number?
False
Is 114143 a prime number?
True
Is 117751 a composite number?
False
Is 254 a composite number?
True
Is 67447 a prime number?
True
Is 3208253 composite?
False
Is 57003 a prime number?
False
Is 298983 a prime number?
False
Is 143197 prime?
True
Is 48731 composite?
False
Is 534739 prime?
True
Is 1071749 prime?
False
Is 90327 a composite number?
True
Is 59951 a prime number?
True
Is 475957 a composite number?
False
Is 3163 a prime number?
True
Is 3041933 prime?
True
Is 1280221 a composite number?
False
Is 18157 composite?
True
Is 14923 a prime number?
True
Is 16087 composite?
False
Is 66221 prime?
True
Is 70049 a composite number?
True
Is 23315 prime?
False
Is 709231 composite?
False
Is 3817 composite?
True
Is 47623 a prime number?
True
Is 530443 composite?
False
Is 697 a composite number?
True
Is 139